10 + -26 + 6 - (1 - 2).
-9
-15 + (-19 - -49) + -17 - (0 + 11)
-13
Calculate 12 + (10 - (4 - 8) - -3).
29
2 - 5 - (-22 + 21) - 3
-5
What is -32 + (4 - (-12 + 18)) + 13?
-21
Evaluate (8 + -8 - 5 - -7) + 7.
9
Evaluate 12 - (-14 - (-52 + 11) - 7).
-8
Evaluate 30 - (-11 - (-10 + -12 + 16)).
35
Calculate 7 + (5 + (-6 - 1) - -1).
6
What is (-7 + 1 - -1 - -5) + 9 + 6?
15
What is -3 - (-5 - (5 + -3 - (14 + -4)))?
-6
Evaluate 3 + 0 + (-246 - -240).
-3
Evaluate 21 + -22 + -1 + -4 + (22 - -2).
18
Evaluate (14 - 22) + 5 + (-9 - (3 - 3)).
-12
Calculate -5 + (1 - -1 - (6 + -5)) + -5.
-9
(-4 - (0 + -10 + 11 + -6)) + -22
-21
Evaluate -31 + (-28 + 17 - -51).
9
What is the value of -200 - -193 - (-1 - 2)?
-4
What is -6 - (4 + -22 - (4 - (10 - -4)))?
2
Evaluate 0 + -34 + (17 - -19) + -26.
-24
(35 - 48) + 8 + -5 + -2
-12
What is -1 - (0 - 10) - (-6 + 17)?
-2
What is (-15 + 29 - (10 - -2)) + 4?
6
-12 + (-10 - (-10 - -5) - -6)
-11
Calculate (13 - (17 - -24)) + 23.
-5
Evaluate -10 - (-9 + 11 + -9 + -4).
1
Calculate (21 - 14) + (0 - 11).
-4
Evaluate (-6 + 16 - 15 - -16) + -29.
-18
Calculate (-20 - -36 - -7 - 5) + 5.
23
Calculate -6 + 4 + (-4 - (-6 + 3)) + 18.
15
Evaluate -8 + (12 - 0) + -9 + -10.
-15
18 + (-16 - -42) + -73
-29
What is -33 - ((25 - -8) + -46)?
-20
17 + (-102 - -45) + 62
22
-10 - -17 - (-1 - (3 + -1 - -1))
11
Evaluate -50 + 26 - (-10 - (6 + -14)).
-22
What is the value of -13 + -2 - (-1 - 12 - -10)?
-12
Evaluate -9 - (-12 + (-1 + 0 - -9)).
-5
Calculate 0 + -14 - -2 - (-7 + (12 - 9)).
-8
Calculate -13 + 12 + -5 + 56 + -13.
37
What is -1593 - -1637 - (83 - -1)?
-40
-2 + (-12 - -5) - -4 - -21
16
What is (-12 - (-19 + 5 - -10)) + 7?
-1
What is -11 + 0 + (19 - (8 - -12))?
-12
-27 - -22 - (1 + -2)
-4
What is the value of (8 - 0) + (465 - 476)?
-3
Evaluate 7 + (3 - 11) + -7 + (-2 - 0).
-10
-2 - 3 - (-25 + 8 + 18)
-6
(-26 - (3 - -11)) + (-13 - -26)
-27
What is -9 - 22 - (-19 - -13)?
-25
What is the value of 25 + (-32 - -2) + -2?
-7
What is the value of -429 + 412 + 1 + 0?
-16
6 - ((13 - -6) + 26)
-39
What is the value of (-1 - (-12 + 1)) + 40 + -37 - 7?
6
8 + 3 + (-32 - -30) + -2
7
Calculate (-43 - -36) + -4 - (4 - 1).
-14
What is the value of 64 - 54 - (-5 + 9)?
6
What is the value of 18 - (-20 + 13 - -19) - (-5 - -1)?
10
Calculate -15 + 6 - -8 - -15.
14
-9 - 1 - ((2 - 8) + (274 - 260))
-18
25 - 18 - (13 - 8)
2
What is (0 - -3 - (1 - (25 - 21))) + 7?
13
97 + -61 + -44 + 18
10
What is 19 + -10 - 0 - 8?
1
Evaluate (-5 - -7 - 0) + 1 + 20 + -10.
13
Evaluate -14 + 10 + -15 + (-2 - -10 - 0).
-11
What is -6 + 2 + 110 + -117 - (-1 + 31)?
-41
What is the value of 2 + -15 + 11 + 11 + -22?
-13
Evaluate -34 + (12 - (-1 - 3) - 10).
-28
Calculate -10 - (12 + (-2 + -4 - -6) + -7).
-15
What is the value of (2 - 1) + -13 - (-17 + (45 - 22))?
-18
What is 21 + (-25 - (9 + -7))?
-6
Calculate (20 + 48 - 60) + 12 + 1.
21
Evaluate 14 + (1 - (2 + -4) - (0 + 4)).
13
Calculate -17 - -1 - (242 + -242).
-16
0 + 8 + 1 + (31 - 21) + -12
7
-15 + (2 - (5 + 5 + 0))
-23
Evaluate (14 - 4 - -5) + -3.
12
Calculate 15 + -22 + 20 - -3.
16
What is (1 - 2 - (10 + -12)) + -1 + 7?
7
What is -12 - (0 - (-9 + 2 + 9 - 5))?
-15
Calculate 12 + (-1 - (-7 - (-24 - -6))) - 7.
-7
What is the value of 0 + 6 + -4 + -20 + (-19 - -7)?
-30
Evaluate -39 + 38 + 9 + (-28 - -1).
-19
What is -3 + -1 - (1037 - 1056)?
15
What is the value of -6 + 8 - (1 - (2 - -3)) - -7?
13
Evaluate (-2 - 1) + 279 + -277.
-1
11 + -5 - (240 - 268)
34
13 - (-34 - -22) - 43
-18
What is -3 + 22 + -13 + (-3 - 2) - -9?
10
What is -26 + 22 + 17 - -12?
25
Evaluate 9 + (1 - -12) + -7.
15
What is 74 + (-18 + -25 - -8)?
39
Evaluate 1 - (-9 + 16 + (4 - (-6 + -4))).
-20
(33 - 8) + (49 - 57)
17
Calculate 23 - 4 - 19 - (0 + -4).
4
What is -9 - 0 - (42 - 67 - -19)?
-3
-6 - (6 + -1 + -7 + -7 + 4)
-1
What is the value of -19 + 14 + 25 - 13?
7
Calculate 6 + (-9 - (-7 + -1)).
5
0 + -15 - -9 - -8
2
Evaluate -9 + 31 + -48 - (-15 + -1).
-10
14 + (3 - 29) + 5
-7
What is the value of 2 + -16 + (47 - 53)?
-20
What is the value of 6 - (0 - -1 - (7 - (-1 - -4)))?
9
Calculate 15 + -3 + -12 - 6.
-6
What is the value of -7 - -11 - (41 - 33)?
-4
Calculate (-1 - -14) + -12 + 6.
7
What is the value of -8 - (2 - 15) - 22?
-17
(-34 - -32) + 6 + 12
16
What is -6 - (4 + 1 - ((3 - -6) + -6))?
-8
Evaluate -15 - (-4 - -38) - -16.
-33
Evaluate -70 + 76 - (-3 + -1 + 2) - 9.
-1
What is the value of 0 + 5 + -18 + 2 + (-4 - -2)?
-13
Calculate 9 + ((-10 - -21) + -3 - 25).
-8
What is the value of -3 + 4 - (-6 - -8 - -1) - -1?
-1
-48 + 25 - (21 - 46)
2
Evaluate -7 - (-11 - ((-9 - -6) + -10)).
-9
Evaluate 9 - (9 - (-4 - -2)).
-2
17 - (23 - (18 - 18))
-6
7 - 0 - (-37 - (-3 + -38))
3
What is 3 + 6 + -9 + -3 + 2 + -3?
-4
What is 281 - 269 - (30 - 1)?
-17
Calculate -11 + (-1 - (-7 + 1 + 2)) - -6.
-2
(-3 - 3) + -13 + 6
-13
What is the value of -6 - (-4 + (3 - (-1 + 5)))?
-1
-22 + (32 - (20 - 20))
10
What is the value of (-1 - -8) + (10 - -18) + -23 - -17?
29
Calculate (-1 + (2 - -7) - -1 - 1) + 0.
8
What is the value of 1 - 3 - (-361 + 369)?
-10
What is the value of -10 + (11 - (-11 - -7))?
5
Calculate (11 - 6) + (-3 - 14).
-12
Evaluate -12 - -6 - -8 - (-11 + 14).
-1
Calculate 3 + -1 + -10 + (-3 - -1) + 14.
4
What is the value of (0 - 2) + (-55 - -46)?
-11
Calculate (11 + 2 + -2 - 20) + (1 - -4).
-4
What is the value of -1 - -16 - (-26 + 33) - 3?
5
Calculate 52 + -95 - (12 - 93).
38
Calculate -15 + (2 - 8 - (0 - 10)).
-11
Calculate -21 + -8 + (-4 - -5) + -1 + 11.
-18
Calculate -11 - -2 - (6 - 6 - (-20 - -13)).
-16
Evaluate (0 - 4 - ((-3 - 4) + 10)) + -8.
-15
What is the value of -15 - -9 - -9 - (15 + -11)?
-1
Evaluate -7 + 0 + (243 - 224).
12
What is (-8 - (-7 - 19)) + -17?
1
What is (-76 - -48 - -20) + -7 + 1?
-14
What is the value of -12 + 0 + (7 - 0 - 0) + -7?
-12
Calculate 10 + -11 - (-1 + 1).
-1
Calculate -6 - (-4 - 37) - 35.
0
What is -3 - 0 - -15 - (-49 + 69)?
-8
What is the value of (-9 - -30 - 1) + -14?
6
What is the value of (-15 + -14 - -35) + -7 + -10?
-11
What is 5 + (26 - 13) + -22 + 23?
19
What is the value of -37 + 31 - (3 - (0 - 0))?
-9
-12 - ((-9 - -21) + -32 + 0)
8
What is -7 + 21 + -13 + -8 + -1 + 1?
-7
-10 + (-9 - -20) + 4 - -9
14
Evaluate 6 - 2 - (1 - (9 + -12)).
0
What is the value of -1 - (-20 + (12 - -1))?
6
What is the value of (-190 - -193) + 0 + 9?
12
What is the value of 6 - (0 + -20 + (465 - 450))?
11
What is -8 - (-34 + 14 + 10)?
2
What is (5 - (9 + -7)) + 4 - 16?
-9
Calculate -14 + 24 + -5 - (-1 - 1) - -1.
8
What is (0 + 4 - (140 - 153)) + -49?
-32
Evaluate -12 - (-10 - -10 - (4 - -3)).
-5
What is 300 + -313 + (-3 + 2 - -38)?
24
16 + (-1 - ((9 + -19 - -27) + -8))
6
Calculate (10 + 1 - (35 + -24)) + (1 - -5).
6
Calculate (4 - (-18 - -8)) + 1 + -7.
8
-9 + 14 + -19 + 17 - (1 + -18)
20
Evaluate (4 - (0 + -7)) + 7 + -8 - 45.
-35
Calculate (-15 - -20) + 30 + -1.
34
What is (13 - 6) + -8 - 6?
-7
Evaluate -13 - 0 - (27 - (12 + 12)).
-16
-27 + (-1 - -11) - -11
-6
What is the value of (17 - (35 - -14)) + 16 - 10?
-26
4 + -4 + (-17 - -24)
7
What is -32 - (-11 + 16 + -24) - 13?
-26
What is 0 + -10 - (8 + -3 + 4 + -8)?
-11
Evaluate (13 - 33) + 28 - (-4 + 0).
12
What is -18 + -22 + 12 - -21?
-7
Evaluate (13 + -31 + 9 - -17) + 0.
8
What is the value of (34 + -24 - (-3 + 22)) + -7?
-16
Evaluate -9 + -4 - -5 - (14 + (-4 - -1)).
-19
What is 22 - (10 + -5 - -23)?
-6
Calculate -1 - 0 - (-225 - -228).
-4
(-1 - -1 - -2 - 10) + 541 + -543
-10
Evaluate (-81 - -117) + (0 - 2).
34
What is the value of 10 + 5 + -4 + -13?
-2
-7 + -7 + (2 - 9 - -34)
13
What is (1 - -3 - 1) + (10 - 3)?
10
What is the value of 6 - (-1 + 1) - ((6 - 12) + 17)?
-5
Evaluate (-3 - -6) + (-3 - 5) - 9.
-14
Evaluate (10 + -37 - -10) + (-21 - -55).
17
What is the value of 5 + 1 - (-22 - (-8 - 9) - -29)?
-18
Evaluate (-16 + 4 - 10) + (12 - (5 + -1)).
-14
Evaluate -47 + 53 + (0 - 9).
-3
What is (-10 - -9) + 13 + (-9 - 32)?
-29
Calculate 2 + (-7 - -3) + -3 + 3.
-2
Evaluate -14 + 4 + 2 + -19.
-27
Evaluate (599 - 563) + -1 + -36.
-1
Calculate 14 + 17 + -26 + -11 + -3.
-9
What is the value of (-8 - -9) + (-20 - -10)?
-9
What is the value of -1 + (-8 - -10) + 5 + -6 + 3?
3
What is 2 - 0 - 9 - (2 - (3 - 1))?
-7
What is the value of -3 + 2 + 13 - 6 - 3?
3
(131 - 134) + (-6 - (2 - 2))
-9
Evaluate (-4 - 1) + (9 - (-3 + 16 -